vided by 2863?
285
What is the remainder when 2793 is divided by 1388?
17
What is the remainder when 6624345 is divided by 1171?
1169
Calculate the remainder when 546054 is divided by 55.
14
What is the remainder when 54514 is divided by 3876?
250
What is the remainder when 2928342 is divided by 233?
231
What is the remainder when 930 is divided by 335?
260
What is the remainder when 5668 is divided by 158?
138
What is the remainder when 25325 is divided by 2286?
179
Calculate the remainder when 40635 is divided by 528.
507
Calculate the remainder when 2510323 is divided by 169.
166
Calculate the remainder when 496443 is divided by 215.
8
Calculate the remainder when 235739 is divided by 26.
23
What is the remainder when 13345 is divided by 1902?
31
Calculate the remainder when 363158 is divided by 46.
34
What is the remainder when 30674 is divided by 262?
20
Calculate the remainder when 2876 is divided by 2029.
847
What is the remainder when 13351 is divided by 48?
7
Calculate the remainder when 205751 is divided by 114.
95
Calculate the remainder when 80257 is divided by 3210.
7
Calculate the remainder when 2741 is divided by 133.
81
What is the remainder when 10696 is divided by 26?
10
What is the remainder when 6992 is divided by 132?
128
What is the remainder when 7916 is divided by 156?
116
What is the remainder when 458287 is divided by 211?
206
What is the remainder when 328100 is divided by 35?
10
Calculate the remainder when 76328 is divided by 2459.
99
Calculate the remainder when 25759 is divided by 286.
19
Calculate the remainder when 839439 is divided by 35.
34
What is the remainder when 33505 is divided by 242?
109
What is the remainder when 68313 is divided by 182?
63
Calculate the remainder when 18333 is divided by 18318.
15
Calculate the remainder when 36648 is divided by 2156.
2152
What is the remainder when 16991 is divided by 1519?
282
Calculate the remainder when 102686 is divided by 33.
23
What is the remainder when 2910 is divided by 534?
240
What is the remainder when 4506 is divided by 22?
18
What is the remainder when 6049 is divided by 1999?
52
What is the remainder when 37905 is divided by 27?
24
What is the remainder when 40873 is divided by 333?
247
Calculate the remainder when 1919 is divided by 191.
9
What is the remainder when 286 is divided by 163?
123
What is the remainder when 14860809 is divided by 38?
35
Calculate the remainder when 18443 is divided by 106.
105
What is the remainder when 93227 is divided by 31060?
47
What is the remainder when 6116 is divided by 46?
44
What is the remainder when 15528 is divided by 817?
5
What is the remainder when 349678 is divided by 282?
280
Calculate the remainder when 43205 is divided by 313.
11
Calculate the remainder when 9946 is divided by 892.
134
Calculate the remainder when 30968 is divided by 15476.
16
Calculate the remainder when 9724 is divided by 1261.
897
Calculate the remainder when 4447 is divided by 24.
7
What is the remainder when 4481 is divided by 269?
177
Calculate the remainder when 8459 is divided by 102.
95
Calculate the remainder when 3476 is divided by 1709.
58
What is the remainder when 1268063 is divided by 296?
295
Calculate the remainder when 20221 is divided by 1443.
19
What is the remainder when 2019 is divided by 296?
243
Calculate the remainder when 1458857 is divided by 72.
65
What is the remainder when 162 is divided by 41?
39
Calculate the remainder when 3135 is divided by 209.
0
What is the remainder when 2616 is divided by 650?
16
Calculate the remainder when 1276374 is divided by 9.
3
Calculate the remainder when 408 is divided by 207.
201
What is the remainder when 2747 is divided by 86?
81
What is the remainder when 18990 is divided by 6321?
27
What is the remainder when 199499 is divided by 66496?
11
Calculate the remainder when 10576 is divided by 113.
67
What is the remainder when 24959 is divided by 8313?
20
Calculate the remainder when 899 is divided by 849.
50
What is the remainder when 7993 is divided by 266?
13
Calculate the remainder when 2322 is divided by 2064.
258
Calculate the remainder when 1841 is divided by 617.
607
Calculate the remainder when 63918 is divided by 174.
60
What is the remainder when 10367 is divided by 3054?
1205
What is the remainder when 220036 is divided by 24447?
13
What is the remainder when 19582 is divided by 627?
145
Calculate the remainder when 474635 is divided by 679.
14
What is the remainder when 48940 is divided by 50?
40
Calculate the remainder when 1116 is divided by 149.
73
Calculate the remainder when 28038 is divided by 13.
10
What is the remainder when 44530 is divided by 6357?
31
Calculate the remainder when 11032 is divided by 613.
611
Calculate the remainder when 560015 is divided by 8.
7
What is the remainder when 740 is divided by 38?
18
What is the remainder when 13868 is divided by 482?
372
Calculate the remainder when 8482 is divided by 440.
122
Calculate the remainder when 698 is divided by 239.
220
What is the remainder when 220693 is divided by 24515?
58
Calculate the remainder when 1743 is divided by 118.
91
Calculate the remainder when 20769 is divided by 14.
7
Calculate the remainder when 136739 is divided by 633.
11
What is the remainder when 2459 is divided by 246?
245
Calculate the remainder when 196271 is divided by 174.
173
Calculate the remainder when 17230 is divided by 8222.
786
Calculate the remainder when 2992 is divided by 1475.
42
Calculate the remainder when 105700 is divided by 138.
130
What is the remainder when 127129 is divided by 199?
167
What is the remainder when 73673 is divided by 3683?
13
What is the remainder when 32864 is divided by 4694?
6
What is the remainder when 15343 is divided by 215?
78
What is the remainder when 10071 is divided by 1006?
11
Calculate the remainder when 267671 is divided by 7.
5
What is the remainder when 113118 is divided by 37694?
36
What is the remainder when 8748 is divided by 213?
15
Calculate the remainder when 1780484 is divided by 36.
32
Calculate the remainder when 673809 is divided by 34.
31
Calculate the remainder when 36005 is divided by 56.
53
What is the remainder when 8626 is divided by 39?
7
Calculate the remainder when 42402 is divided by 5.
2
Calculate the remainder when 31276 is divided by 132.
124
What is the remainder when 2034 is divided by 261?
207
What is the remainder when 142544 is divided by 130?
64
What is the remainder when 938 is divided by 390?
158
Calculate the remainder when 1844047 is divided by 650.
647
Calculate the remainder when 437640 is divided by 27.
24
What is the remainder when 1177219 is divided by 56?
43
Calculate the remainder when 1282 is divided by 428.
426
What is the remainder when 10550 is divided by 480?
470
What is the remainder when 2317 is divided by 1147?
23
Calculate the remainder when 836035 is divided by 449.
446
Calculate the remainder when 10942 is divided by 208.
126
Calculate the remainder when 6159 is divided by 1169.
314
Calculate the remainder when 5236 is divided by 277.
250
What is the remainder when 34811 is divided by 53?
43
Calculate the remainder when 56511 is divided by 4.
3
Calculate the remainder when 37883 is divided by 375.
8
Calculate the remainder when 9479 is divided by 428.
63
Calculate the remainder when 144282 is divided by 15.
12
What is the remainder when 1170346 is divided by 178?
174
What is the remainder when 138225 is divided by 23?
18
What is the remainder when 274 is divided by 164?
110
Calculate the remainder when 150586 is divided by 100.
86
Calculate the remainder when 27744 is divided by 5.
4
Calculate the remainder when 929816 is divided by 593.
585
What is the remainder when 348996 is divided by 174491?
14
What is the remainder when 21434 is divided by 397?
393
Calculate the remainder when 69475 is divided by 99.
76
Calculate the remainder when 7662 is divided by 27.
21
Calculate the remainder when 122337 is divided by 6.
3
What is the remainder when 75067 is divided by 16?
11
What is the remainder when 238951 is divided by 28?
27
What is the remainder when 170932 is divided by 46?
42
What is the remainder when 1333293 is divided by 36?
33
What is the remainder when 837895 is divided by 21?
16
What is the remainder 